tors of 12695938?
2, 53, 119773
What are the prime factors of 15380943?
3, 71, 72211
List the prime factors of 1126277.
137, 8221
List the prime factors of 418535.
5, 13, 47, 137
List the prime factors of 49130.
2, 5, 17
List the prime factors of 280692.
2, 3, 23, 113
List the prime factors of 41518.
2, 20759
List the prime factors of 416125.
5, 3329
List the prime factors of 413620.
2, 5, 20681
List the prime factors of 2077848.
2, 3, 28859
List the prime factors of 975691.
975691
What are the prime factors of 420627?
3, 149, 941
List the prime factors of 494692.
2, 11, 11243
List the prime factors of 276564.
2, 3, 19, 1213
List the prime factors of 206072.
2, 25759
What are the prime factors of 1932915?
3, 5, 128861
List the prime factors of 235440.
2, 3, 5, 109
List the prime factors of 1136418.
2, 3, 37, 5119
List the prime factors of 115276.
2, 7, 23, 179
List the prime factors of 109393.
139, 787
List the prime factors of 299135.
5, 29, 2063
What are the prime factors of 1430932?
2, 357733
What are the prime factors of 22122?
2, 3, 1229
What are the prime factors of 6567116?
2, 277, 5927
What are the prime factors of 254613?
3, 84871
List the prime factors of 85550.
2, 5, 29, 59
What are the prime factors of 1137823?
43, 47, 563
List the prime factors of 1036418.
2, 518209
What are the prime factors of 3247203?
3, 601, 1801
What are the prime factors of 3298761?
3, 19, 101, 191
What are the prime factors of 531864?
2, 3, 83, 89
List the prime factors of 424296.
2, 3, 71, 83
List the prime factors of 2666398.
2, 7, 73, 2609
What are the prime factors of 212639?
7, 37, 821
List the prime factors of 995159.
11, 90469
What are the prime factors of 9151247?
7, 37, 89, 397
List the prime factors of 460301.
460301
What are the prime factors of 3698469?
3, 17, 23, 1051
List the prime factors of 192710.
2, 5, 7, 2753
List the prime factors of 427976.
2, 61, 877
List the prime factors of 547507.
109, 5023
List the prime factors of 690088.
2, 7, 12323
List the prime factors of 28438938.
2, 3, 11, 15959
List the prime factors of 116169.
3, 38723
What are the prime factors of 3410771?
7, 13, 37, 1013
What are the prime factors of 34016?
2, 1063
What are the prime factors of 945339?
3, 139, 2267
What are the prime factors of 289805?
5, 149, 389
What are the prime factors of 132385?
5, 11, 29, 83
List the prime factors of 151702.
2, 101, 751
What are the prime factors of 15901583?
15901583
What are the prime factors of 760236?
2, 3, 63353
List the prime factors of 112362.
2, 3, 61, 307
What are the prime factors of 531697?
137, 3881
List the prime factors of 291190.
2, 5, 37, 787
List the prime factors of 364155.
3, 5, 11, 2207
List the prime factors of 2369016.
2, 3, 13, 2531
List the prime factors of 2298409.
2298409
What are the prime factors of 2823972?
2, 3, 17, 109, 127
List the prime factors of 154314.
2, 3, 8573
What are the prime factors of 9684870?
2, 3, 5, 13, 19, 1307
List the prime factors of 936078.
2, 3, 11, 13, 1091
What are the prime factors of 3231923?
43, 75161
List the prime factors of 2472726.
2, 3, 263, 1567
List the prime factors of 3931312.
2, 7, 11, 3191
List the prime factors of 306177.
3, 102059
List the prime factors of 413229.
3, 137743
What are the prime factors of 4919697?
3, 60737
List the prime factors of 510378.
2, 3, 11, 19, 37
What are the prime factors of 1666961?
37, 45053
What are the prime factors of 8944302?
2, 3, 1490717
List the prime factors of 39428064.
2, 3, 13, 10531
List the prime factors of 258614.
2, 191, 677
What are the prime factors of 7262640?
2, 3, 5, 7, 11, 131
What are the prime factors of 4363668?
2, 3, 47, 2579
What are the prime factors of 13715771?
41, 67, 4993
What are the prime factors of 573576?
2, 3, 23899
What are the prime factors of 240155?
5, 43, 1117
List the prime factors of 26997.
3, 8999
What are the prime factors of 1066906?
2, 533453
What are the prime factors of 399226?
2, 433, 461
List the prime factors of 19183321.
383, 50087
List the prime factors of 490900.
2, 5, 4909
List the prime factors of 4202068.
2, 13, 80809
What are the prime factors of 99710?
2, 5, 13, 59
What are the prime factors of 2767615?
5, 29, 19087
List the prime factors of 233839.
197, 1187
List the prime factors of 10501753.
191, 54983
What are the prime factors of 546537?
3, 182179
List the prime factors of 35813.
59, 607
What are the prime factors of 42182?
2, 7, 23, 131
List the prime factors of 431775.
3, 5, 19, 101
List the prime factors of 339731.
7, 48533
What are the prime factors of 399041?
17, 23473
What are the prime factors of 614628?
2, 3, 7, 271
What are the prime factors of 530675?
5, 21227
List the prime factors of 97235.
5, 19447
What are the prime factors of 465479?
7, 29, 2293
What are the prime factors of 337643?
101, 3343
What are the prime factors of 91866?
2, 3, 61, 251
What are the prime factors of 168195?
3, 5, 11213
What are the prime factors of 6789199?
6789199
What are the prime factors of 397586?
2, 7, 4057
What are the prime factors of 852969?
3, 13, 21871
What are the prime factors of 64752?
2, 3, 19, 71
List the prime factors of 2555887.
79, 32353
What are the prime factors of 3935453?
3935453
List the prime factors of 3501572.
2, 875393
List the prime factors of 2644463.
83, 151, 211
List the prime factors of 1527221.
101, 15121
List the prime factors of 351282.
2, 3, 127, 461
List the prime factors of 104517.
3, 7, 79
List the prime factors of 166861.
166861
List the prime factors of 9137166.
2, 3, 433, 3517
List the prime factors of 896585.
5, 179317
List the prime factors of 148996.
2, 193
List the prime factors of 17232236.
2, 7, 615437
What are the prime factors of 277413?
3, 89, 1039
What are the prime factors of 1333923?
3, 444641
List the prime factors of 1224520.
2, 5, 11, 23
List the prime factors of 881336.
2, 41, 2687
List the prime factors of 1814370.
2, 3, 5, 197, 307
What are the prime factors of 704763?
3, 78307
List the prime factors of 6304161.
3, 17, 71, 1741
What are the prime factors of 9973023?
3, 3324341
List the prime factors of 287137.
287137
What are the prime factors of 533790?
2, 3, 5, 659
What are the prime factors of 1118943?
3, 7, 17761
What are the prime factors of 249399?
3, 3079
List the prime factors of 154227.
3, 101, 509
What are the prime factors of 68797?
89, 773
List the prime factors of 93129.
3, 37, 839
List the prime factors of 6066930.
2, 3, 5, 202231
What are the prime factors of 178159?
163, 1093
What are the prime factors of 110523?
3, 7, 19, 277
What are the prime factors of 19851862?
2, 9925931
List the prime factors of 168316.
2, 29, 1451
List the prime factors of 13019556.
2, 3, 11, 53, 1861
List the prime factors of 7735051.
17, 455003
What are the prime factors of 233803?
37, 71, 89
List the prime factors of 1374998.
2, 687499
What are the prime factors of 813985?
5, 263, 619
What are the prime factors of 919767?
3, 306589
List the prime factors of 801248.
2, 7, 73
What are the prime factors of 6002188?
2, 29, 59, 877
What are the prime factors of 3612619?
17, 212507
List the prime factors of 81191.
11, 61
List the prime factors of 52718.
2, 43, 613
List the prime factors of 198344.
2, 24793
What are the prime factors of 1366968?
2, 3, 56957
What are the prime factors of 143515?
5, 28703
List the prime factors of 9308677.
7, 3877
List the prime factors of 950548.
2, 71, 3347
What are the prime factors of 815591?
7, 37, 47, 67
What are the prime factors of 4730425?
5, 7, 27031
List the prime factors of 27703825.
5, 43, 25771
List the prime factors of 2729425.
5, 43, 2539
List the prime factors of 217036.
2, 29, 1871
List the prime factors of 600487.
600487
List the prime factors of 1410709.
1410709
What are the prime factors of 203092?
2, 50773
What are the prime factors of 2280524?
2, 570131
List the prime factors of 1007411.
41, 24571
List the prime factors of 121241.
31, 3911
What are the prime factors of 523334?
2, 7, 29, 1289
List the prime factors of 253694.
2, 7, 18121
What are the prime factors of 1986811?
19, 53, 1973
What are the prime factors of 7783158?
2, 3, 1297193
What are the prime factors of 1244340?
2, 3, 5, 31, 223
List the prime factors of 2446509.
3, 13, 62731
List the prime factors of 595112.
2,